{"id":17,"date":"2023-01-27T02:09:12","date_gmt":"2023-01-27T02:09:12","guid":{"rendered":"https:\/\/blue-grouse-956982.hostingersite.com\/?page_id=17"},"modified":"2024-06-05T22:03:44","modified_gmt":"2024-06-05T22:03:44","slug":"home","status":"publish","type":"page","link":"https:\/\/agoteira.com.br\/","title":{"rendered":"Home"},"content":{"rendered":"\t\t<div data-elementor-type=\"wp-page\" data-elementor-id=\"17\" class=\"elementor elementor-17\">\n\t\t\t\t\t\t<section class=\"elementor-section elementor-top-section elementor-element elementor-element-6fe1a10 elementor-section-boxed elementor-section-height-default elementor-section-height-default\" data-id=\"6fe1a10\" data-element_type=\"section\" data-e-type=\"section\" data-settings=\"{&quot;background_background&quot;:&quot;classic&quot;}\">\n\t\t\t\t\t\t<div class=\"elementor-container elementor-column-gap-default\">\n\t\t\t\t\t<div class=\"elementor-column elementor-col-100 elementor-top-column elementor-element elementor-element-78ac345\" data-id=\"78ac345\" data-element_type=\"column\" data-e-type=\"column\">\n\t\t\t<div class=\"elementor-widget-wrap elementor-element-populated\">\n\t\t\t\t\t\t<div class=\"elementor-element elementor-element-4dbf766 elementor-widget elementor-widget-image\" data-id=\"4dbf766\" data-element_type=\"widget\" data-e-type=\"widget\" data-widget_type=\"image.default\">\n\t\t\t\t<div class=\"elementor-widget-container\">\n\t\t\t\t\t\t\t\t\t\t\t\t\t\t\t<img fetchpriority=\"high\" decoding=\"async\" width=\"1200\" height=\"500\" src=\"https:\/\/agoteira.com.br\/wp-content\/uploads\/2023\/01\/frente.jpg\" class=\"attachment-1536x1536 size-1536x1536 wp-image-20\" alt=\"\" srcset=\"https:\/\/agoteira.com.br\/wp-content\/uploads\/2023\/01\/frente.jpg 1200w, https:\/\/agoteira.com.br\/wp-content\/uploads\/2023\/01\/frente-300x125.jpg 300w, https:\/\/agoteira.com.br\/wp-content\/uploads\/2023\/01\/frente-1024x427.jpg 1024w, https:\/\/agoteira.com.br\/wp-content\/uploads\/2023\/01\/frente-768x320.jpg 768w\" sizes=\"(max-width: 1200px) 100vw, 1200px\" \/>\t\t\t\t\t\t\t\t\t\t\t\t\t\t\t<\/div>\n\t\t\t\t<\/div>\n\t\t\t\t\t<\/div>\n\t\t<\/div>\n\t\t\t\t\t<\/div>\n\t\t<\/section>\n\t\t\t\t<section class=\"elementor-section elementor-top-section elementor-element elementor-element-8ab39f3 elementor-section-boxed elementor-section-height-default elementor-section-height-default\" data-id=\"8ab39f3\" data-element_type=\"section\" data-e-type=\"section\">\n\t\t\t\t\t\t<div class=\"elementor-container elementor-column-gap-default\">\n\t\t\t\t\t<div class=\"elementor-column elementor-col-100 elementor-top-column elementor-element elementor-element-701affc\" data-id=\"701affc\" data-element_type=\"column\" data-e-type=\"column\">\n\t\t\t<div class=\"elementor-widget-wrap elementor-element-populated\">\n\t\t\t\t\t\t<div class=\"elementor-element elementor-element-5a519d5 elementor-widget-divider--view-line elementor-widget elementor-widget-divider\" data-id=\"5a519d5\" data-element_type=\"widget\" data-e-type=\"widget\" data-widget_type=\"divider.default\">\n\t\t\t\t<div class=\"elementor-widget-container\">\n\t\t\t\t\t\t\t<div class=\"elementor-divider\">\n\t\t\t<span class=\"elementor-divider-separator\">\n\t\t\t\t\t\t<\/span>\n\t\t<\/div>\n\t\t\t\t\t\t<\/div>\n\t\t\t\t<\/div>\n\t\t\t\t\t<\/div>\n\t\t<\/div>\n\t\t\t\t\t<\/div>\n\t\t<\/section>\n\t\t\t\t<section class=\"elementor-section elementor-top-section elementor-element elementor-element-262151e elementor-section-boxed elementor-section-height-default elementor-section-height-default\" data-id=\"262151e\" data-element_type=\"section\" data-e-type=\"section\">\n\t\t\t\t\t\t<div class=\"elementor-container elementor-column-gap-default\">\n\t\t\t\t\t<div class=\"elementor-column elementor-col-100 elementor-top-column elementor-element elementor-element-a6b5504\" data-id=\"a6b5504\" data-element_type=\"column\" data-e-type=\"column\">\n\t\t\t<div class=\"elementor-widget-wrap elementor-element-populated\">\n\t\t\t\t\t\t<div class=\"elementor-element elementor-element-fd8f726 elementor-widget elementor-widget-heading\" data-id=\"fd8f726\" data-element_type=\"widget\" data-e-type=\"widget\" data-widget_type=\"heading.default\">\n\t\t\t\t<div class=\"elementor-widget-container\">\n\t\t\t\t\t<h1 class=\"elementor-heading-title elementor-size-default\">Constru\u00e7\u00e3o e Reformas de Telhados - Telhados Industriais - Coberturas de edif\u00edcios comerciais ou residenciais - Recupera\u00e7\u00e3o e restaura\u00e7\u00e3o de cobertuars antigas - Cria\u00e7\u00e3o de Projetos Especiais; - Isolamento T\u00e9rmico - Forros e Beirais\n<\/h1>\t\t\t\t<\/div>\n\t\t\t\t<\/div>\n\t\t\t\t<div class=\"elementor-element elementor-element-cb05d74 elementor-widget elementor-widget-text-editor\" data-id=\"cb05d74\" data-element_type=\"widget\" data-e-type=\"widget\" data-widget_type=\"text-editor.default\">\n\t\t\t\t<div class=\"elementor-widget-container\">\n\t\t\t\t\t\t\t\t\t<p><span data-offset-key=\"ag697-29-0\">S<\/span><span data-offset-key=\"ag697-30-0\">om<\/span><span data-offset-key=\"ag697-31-0\">os<\/span><span data-offset-key=\"ag697-32-0\"> u<\/span><span data-offset-key=\"ag697-33-0\">ma<\/span><span data-offset-key=\"ag697-34-0\"> em<\/span><span data-offset-key=\"ag697-35-0\">p<\/span><span data-offset-key=\"ag697-36-0\">resa<\/span><span data-offset-key=\"ag697-37-0\"> de<\/span><span data-offset-key=\"ag697-38-0\"> const<\/span><span data-offset-key=\"ag697-39-0\">ru<\/span><span data-offset-key=\"ag697-40-0\">\u00e7<\/span><span data-offset-key=\"ag697-41-0\">\u00e3o<\/span><span data-offset-key=\"ag697-42-0\"> e<\/span><span data-offset-key=\"ag697-43-0\"> reform<\/span><span data-offset-key=\"ag697-44-0\">a<\/span><span data-offset-key=\"ag697-45-0\"> de<\/span><span data-offset-key=\"ag697-46-0\"> tel<\/span><span data-offset-key=\"ag697-47-0\">had<\/span><span data-offset-key=\"ag697-48-0\">os<\/span><span data-offset-key=\"ag697-49-0\"> com<\/span><span data-offset-key=\"ag697-50-0\"> m<\/span><span data-offset-key=\"ag697-51-0\">ais<\/span><span data-offset-key=\"ag697-52-0\"> de<\/span><span data-offset-key=\"ag697-53-0\"> 40 anos de experi\u00eancia. Oferecemos servi\u00e7os de alta qualidade, utilizando materiais e t\u00e9cnicas de constru\u00e7\u00e3o modernas e confi\u00e1veis. Nossos profissionais experientes est\u00e3o ao seu dispor para atender \u00e0s suas necessidades espec\u00edficas de constru\u00e7\u00e3o ou reforma de telhados. Oferecemos servi\u00e7os de instala\u00e7\u00e3o, reparo, manuten\u00e7\u00e3o e conserto de telhados de qualidade. Estamos comprometidos em proporcionar servi\u00e7os profissionais, acess\u00edveis e eficientes para satisfazer as necessidades dos nossos clientes.<\/span><\/p>\t\t\t\t\t\t\t\t<\/div>\n\t\t\t\t<\/div>\n\t\t\t\t\t<\/div>\n\t\t<\/div>\n\t\t\t\t\t<\/div>\n\t\t<\/section>\n\t\t\t\t<section class=\"elementor-section elementor-top-section elementor-element elementor-element-219d7f9 elementor-section-boxed elementor-section-height-default elementor-section-height-default\" data-id=\"219d7f9\" data-element_type=\"section\" data-e-type=\"section\">\n\t\t\t\t\t\t<div class=\"elementor-container elementor-column-gap-default\">\n\t\t\t\t\t<div class=\"elementor-column elementor-col-33 elementor-top-column elementor-element elementor-element-34e7317\" data-id=\"34e7317\" data-element_type=\"column\" data-e-type=\"column\">\n\t\t\t<div class=\"elementor-widget-wrap elementor-element-populated\">\n\t\t\t\t\t\t<div class=\"elementor-element elementor-element-0c5aee4 elementor-widget elementor-widget-image\" data-id=\"0c5aee4\" data-element_type=\"widget\" data-e-type=\"widget\" data-widget_type=\"image.default\">\n\t\t\t\t<div class=\"elementor-widget-container\">\n\t\t\t\t\t\t\t\t\t\t\t\t\t\t\t<img decoding=\"async\" width=\"300\" height=\"150\" src=\"https:\/\/agoteira.com.br\/wp-content\/uploads\/2023\/01\/1.jpg\" class=\"attachment-large size-large wp-image-32\" alt=\"\" \/>\t\t\t\t\t\t\t\t\t\t\t\t\t\t\t<\/div>\n\t\t\t\t<\/div>\n\t\t\t\t\t<\/div>\n\t\t<\/div>\n\t\t\t\t<div class=\"elementor-column elementor-col-33 elementor-top-column elementor-element elementor-element-31878cc\" data-id=\"31878cc\" data-element_type=\"column\" data-e-type=\"column\">\n\t\t\t<div class=\"elementor-widget-wrap elementor-element-populated\">\n\t\t\t\t\t\t<div class=\"elementor-element elementor-element-4e70fad elementor-widget elementor-widget-image\" data-id=\"4e70fad\" data-element_type=\"widget\" data-e-type=\"widget\" data-widget_type=\"image.default\">\n\t\t\t\t<div class=\"elementor-widget-container\">\n\t\t\t\t\t\t\t\t\t\t\t\t\t\t\t<img decoding=\"async\" width=\"300\" height=\"150\" src=\"https:\/\/agoteira.com.br\/wp-content\/uploads\/2023\/01\/2.jpg\" class=\"attachment-large size-large wp-image-33\" alt=\"\" \/>\t\t\t\t\t\t\t\t\t\t\t\t\t\t\t<\/div>\n\t\t\t\t<\/div>\n\t\t\t\t\t<\/div>\n\t\t<\/div>\n\t\t\t\t<div class=\"elementor-column elementor-col-33 elementor-top-column elementor-element elementor-element-733ded2\" data-id=\"733ded2\" data-element_type=\"column\" data-e-type=\"column\">\n\t\t\t<div class=\"elementor-widget-wrap elementor-element-populated\">\n\t\t\t\t\t\t<div class=\"elementor-element elementor-element-940e66f elementor-widget elementor-widget-image\" data-id=\"940e66f\" data-element_type=\"widget\" data-e-type=\"widget\" data-widget_type=\"image.default\">\n\t\t\t\t<div class=\"elementor-widget-container\">\n\t\t\t\t\t\t\t\t\t\t\t\t\t\t\t<img loading=\"lazy\" decoding=\"async\" width=\"300\" height=\"150\" src=\"https:\/\/agoteira.com.br\/wp-content\/uploads\/2023\/01\/3.jpg\" class=\"attachment-large size-large wp-image-34\" alt=\"\" \/>\t\t\t\t\t\t\t\t\t\t\t\t\t\t\t<\/div>\n\t\t\t\t<\/div>\n\t\t\t\t\t<\/div>\n\t\t<\/div>\n\t\t\t\t\t<\/div>\n\t\t<\/section>\n\t\t\t\t<section class=\"elementor-section elementor-top-section elementor-element elementor-element-1ca504f elementor-section-boxed elementor-section-height-default elementor-section-height-default\" data-id=\"1ca504f\" data-element_type=\"section\" data-e-type=\"section\">\n\t\t\t\t\t\t<div class=\"elementor-container elementor-column-gap-default\">\n\t\t\t\t\t<div class=\"elementor-column elementor-col-33 elementor-top-column elementor-element elementor-element-f1926ce\" data-id=\"f1926ce\" data-element_type=\"column\" data-e-type=\"column\">\n\t\t\t<div class=\"elementor-widget-wrap elementor-element-populated\">\n\t\t\t\t\t\t<div class=\"elementor-element elementor-element-28d5838 elementor-widget elementor-widget-image\" data-id=\"28d5838\" data-element_type=\"widget\" data-e-type=\"widget\" data-widget_type=\"image.default\">\n\t\t\t\t<div class=\"elementor-widget-container\">\n\t\t\t\t\t\t\t\t\t\t\t\t\t\t\t<img loading=\"lazy\" decoding=\"async\" width=\"1024\" height=\"473\" src=\"https:\/\/agoteira.com.br\/wp-content\/uploads\/2024\/06\/5591a2e3-c500-4672-a705-ed0c18cc7b39-1024x473.jpeg\" class=\"attachment-large size-large wp-image-102\" alt=\"\" srcset=\"https:\/\/agoteira.com.br\/wp-content\/uploads\/2024\/06\/5591a2e3-c500-4672-a705-ed0c18cc7b39-1024x473.jpeg 1024w, https:\/\/agoteira.com.br\/wp-content\/uploads\/2024\/06\/5591a2e3-c500-4672-a705-ed0c18cc7b39-300x138.jpeg 300w, https:\/\/agoteira.com.br\/wp-content\/uploads\/2024\/06\/5591a2e3-c500-4672-a705-ed0c18cc7b39-768x354.jpeg 768w, https:\/\/agoteira.com.br\/wp-content\/uploads\/2024\/06\/5591a2e3-c500-4672-a705-ed0c18cc7b39-1536x709.jpeg 1536w, https:\/\/agoteira.com.br\/wp-content\/uploads\/2024\/06\/5591a2e3-c500-4672-a705-ed0c18cc7b39.jpeg 1599w\" sizes=\"(max-width: 1024px) 100vw, 1024px\" \/>\t\t\t\t\t\t\t\t\t\t\t\t\t\t\t<\/div>\n\t\t\t\t<\/div>\n\t\t\t\t\t<\/div>\n\t\t<\/div>\n\t\t\t\t<div class=\"elementor-column elementor-col-33 elementor-top-column elementor-element elementor-element-4dc5fef\" data-id=\"4dc5fef\" data-element_type=\"column\" data-e-type=\"column\">\n\t\t\t<div class=\"elementor-widget-wrap elementor-element-populated\">\n\t\t\t\t\t\t<div class=\"elementor-element elementor-element-4d25eca elementor-widget elementor-widget-image\" data-id=\"4d25eca\" data-element_type=\"widget\" data-e-type=\"widget\" data-widget_type=\"image.default\">\n\t\t\t\t<div class=\"elementor-widget-container\">\n\t\t\t\t\t\t\t\t\t\t\t\t\t\t\t<img loading=\"lazy\" decoding=\"async\" width=\"1024\" height=\"473\" src=\"https:\/\/agoteira.com.br\/wp-content\/uploads\/2024\/06\/2b171809-0384-4ad9-ad53-1c1caf11dad4-1024x473.jpeg\" class=\"attachment-large size-large wp-image-103\" alt=\"\" srcset=\"https:\/\/agoteira.com.br\/wp-content\/uploads\/2024\/06\/2b171809-0384-4ad9-ad53-1c1caf11dad4-1024x473.jpeg 1024w, https:\/\/agoteira.com.br\/wp-content\/uploads\/2024\/06\/2b171809-0384-4ad9-ad53-1c1caf11dad4-300x138.jpeg 300w, https:\/\/agoteira.com.br\/wp-content\/uploads\/2024\/06\/2b171809-0384-4ad9-ad53-1c1caf11dad4-768x354.jpeg 768w, https:\/\/agoteira.com.br\/wp-content\/uploads\/2024\/06\/2b171809-0384-4ad9-ad53-1c1caf11dad4-1536x709.jpeg 1536w, https:\/\/agoteira.com.br\/wp-content\/uploads\/2024\/06\/2b171809-0384-4ad9-ad53-1c1caf11dad4.jpeg 1599w\" sizes=\"(max-width: 1024px) 100vw, 1024px\" \/>\t\t\t\t\t\t\t\t\t\t\t\t\t\t\t<\/div>\n\t\t\t\t<\/div>\n\t\t\t\t\t<\/div>\n\t\t<\/div>\n\t\t\t\t<div class=\"elementor-column elementor-col-33 elementor-top-column elementor-element elementor-element-ef9b2a8\" data-id=\"ef9b2a8\" data-element_type=\"column\" data-e-type=\"column\">\n\t\t\t<div class=\"elementor-widget-wrap elementor-element-populated\">\n\t\t\t\t\t\t<div class=\"elementor-element elementor-element-351fe15 elementor-widget elementor-widget-image\" data-id=\"351fe15\" data-element_type=\"widget\" data-e-type=\"widget\" data-widget_type=\"image.default\">\n\t\t\t\t<div class=\"elementor-widget-container\">\n\t\t\t\t\t\t\t\t\t\t\t\t\t\t\t<img loading=\"lazy\" decoding=\"async\" width=\"1024\" height=\"472\" src=\"https:\/\/agoteira.com.br\/wp-content\/uploads\/2024\/06\/fc6a075e-9924-4f5a-9e35-d86e8c28b98e-1024x472.jpeg\" class=\"attachment-large size-large wp-image-104\" alt=\"\" srcset=\"https:\/\/agoteira.com.br\/wp-content\/uploads\/2024\/06\/fc6a075e-9924-4f5a-9e35-d86e8c28b98e-1024x472.jpeg 1024w, https:\/\/agoteira.com.br\/wp-content\/uploads\/2024\/06\/fc6a075e-9924-4f5a-9e35-d86e8c28b98e-300x138.jpeg 300w, https:\/\/agoteira.com.br\/wp-content\/uploads\/2024\/06\/fc6a075e-9924-4f5a-9e35-d86e8c28b98e-768x354.jpeg 768w, https:\/\/agoteira.com.br\/wp-content\/uploads\/2024\/06\/fc6a075e-9924-4f5a-9e35-d86e8c28b98e.jpeg 1288w\" sizes=\"(max-width: 1024px) 100vw, 1024px\" \/>\t\t\t\t\t\t\t\t\t\t\t\t\t\t\t<\/div>\n\t\t\t\t<\/div>\n\t\t\t\t\t<\/div>\n\t\t<\/div>\n\t\t\t\t\t<\/div>\n\t\t<\/section>\n\t\t\t\t<section class=\"elementor-section elementor-top-section elementor-element elementor-element-793dda7 elementor-section-boxed elementor-section-height-default elementor-section-height-default\" data-id=\"793dda7\" data-element_type=\"section\" data-e-type=\"section\">\n\t\t\t\t\t\t<div class=\"elementor-container elementor-column-gap-default\">\n\t\t\t\t\t<div class=\"elementor-column elementor-col-100 elementor-top-column elementor-element elementor-element-802fb91\" data-id=\"802fb91\" data-element_type=\"column\" data-e-type=\"column\">\n\t\t\t<div class=\"elementor-widget-wrap elementor-element-populated\">\n\t\t\t\t\t\t<div class=\"elementor-element elementor-element-319e86e elementor-widget-divider--view-line elementor-widget elementor-widget-divider\" data-id=\"319e86e\" data-element_type=\"widget\" data-e-type=\"widget\" data-widget_type=\"divider.default\">\n\t\t\t\t<div class=\"elementor-widget-container\">\n\t\t\t\t\t\t\t<div class=\"elementor-divider\">\n\t\t\t<span class=\"elementor-divider-separator\">\n\t\t\t\t\t\t<\/span>\n\t\t<\/div>\n\t\t\t\t\t\t<\/div>\n\t\t\t\t<\/div>\n\t\t\t\t\t<\/div>\n\t\t<\/div>\n\t\t\t\t\t<\/div>\n\t\t<\/section>\n\t\t\t\t<section class=\"elementor-section elementor-top-section elementor-element elementor-element-adc608e elementor-section-boxed elementor-section-height-default elementor-section-height-default\" data-id=\"adc608e\" data-element_type=\"section\" data-e-type=\"section\">\n\t\t\t\t\t\t<div class=\"elementor-container elementor-column-gap-default\">\n\t\t\t\t\t<div class=\"elementor-column elementor-col-100 elementor-top-column elementor-element elementor-element-ec2f07e\" data-id=\"ec2f07e\" data-element_type=\"column\" data-e-type=\"column\">\n\t\t\t<div class=\"elementor-widget-wrap elementor-element-populated\">\n\t\t\t\t\t\t<div class=\"elementor-element elementor-element-77b3ca1 elementor-widget elementor-widget-google_maps\" data-id=\"77b3ca1\" data-element_type=\"widget\" data-e-type=\"widget\" data-widget_type=\"google_maps.default\">\n\t\t\t\t<div class=\"elementor-widget-container\">\n\t\t\t\t\t\t\t<div class=\"elementor-custom-embed\">\n\t\t\t<iframe loading=\"lazy\"\n\t\t\t\t\tsrc=\"https:\/\/maps.google.com\/maps?q=Rua%20Itiuba%20229B%20Vila%20Celeste%20CEP%2003158-010&#038;t=m&#038;z=15&#038;output=embed&#038;iwloc=near\"\n\t\t\t\t\ttitle=\"Rua Itiuba 229B Vila Celeste CEP 03158-010\"\n\t\t\t\t\taria-label=\"Rua Itiuba 229B Vila Celeste CEP 03158-010\"\n\t\t\t><\/iframe>\n\t\t<\/div>\n\t\t\t\t\t\t<\/div>\n\t\t\t\t<\/div>\n\t\t\t\t\t<\/div>\n\t\t<\/div>\n\t\t\t\t\t<\/div>\n\t\t<\/section>\n\t\t\t\t<section class=\"elementor-section elementor-top-section elementor-element elementor-element-7be3965 elementor-section-boxed elementor-section-height-default elementor-section-height-default\" data-id=\"7be3965\" data-element_type=\"section\" data-e-type=\"section\">\n\t\t\t\t\t\t<div class=\"elementor-container elementor-column-gap-default\">\n\t\t\t\t\t<div class=\"elementor-column elementor-col-25 elementor-top-column elementor-element elementor-element-bc8afee\" data-id=\"bc8afee\" data-element_type=\"column\" data-e-type=\"column\">\n\t\t\t<div class=\"elementor-widget-wrap\">\n\t\t\t\t\t\t\t<\/div>\n\t\t<\/div>\n\t\t\t\t<div class=\"elementor-column elementor-col-50 elementor-top-column elementor-element elementor-element-8213629\" data-id=\"8213629\" data-element_type=\"column\" data-e-type=\"column\">\n\t\t\t<div class=\"elementor-widget-wrap elementor-element-populated\">\n\t\t\t\t\t\t<div class=\"elementor-element elementor-element-5aea6b5 elementor-widget elementor-widget-heading\" data-id=\"5aea6b5\" data-element_type=\"widget\" data-e-type=\"widget\" data-widget_type=\"heading.default\">\n\t\t\t\t<div class=\"elementor-widget-container\">\n\t\t\t\t\t<h1 class=\"elementor-heading-title elementor-size-default\"> Fone: (11) 5549-2666 <\/h1>\t\t\t\t<\/div>\n\t\t\t\t<\/div>\n\t\t\t\t\t<\/div>\n\t\t<\/div>\n\t\t\t\t<div class=\"elementor-column elementor-col-25 elementor-top-column elementor-element elementor-element-1ca7e6a\" data-id=\"1ca7e6a\" data-element_type=\"column\" data-e-type=\"column\">\n\t\t\t<div class=\"elementor-widget-wrap\">\n\t\t\t\t\t\t\t<\/div>\n\t\t<\/div>\n\t\t\t\t\t<\/div>\n\t\t<\/section>\n\t\t\t\t<\/div>\n\t\t","protected":false},"excerpt":{"rendered":"<p>Constru\u00e7\u00e3o e Reformas de Telhados &#8211; Telhados Industriais &#8211; Coberturas de edif\u00edcios comerciais ou residenciais &#8211; Recupera\u00e7\u00e3o e restaura\u00e7\u00e3o de cobertuars antigas &#8211; Cria\u00e7\u00e3o de Projetos Especiais; &#8211; Isolamento T\u00e9rmico &#8211; Forros e Beirais Somos uma empresa de constru\u00e7\u00e3o e reforma de telhados com mais de 40 anos de experi\u00eancia. Oferecemos servi\u00e7os de alta qualidade, [&hellip;]<\/p>\n","protected":false},"author":1,"featured_media":0,"parent":0,"menu_order":0,"comment_status":"closed","ping_status":"closed","template":"","meta":{"site-sidebar-layout":"no-sidebar","site-content-layout":"page-builder","ast-site-content-layout":"default","site-content-style":"default","site-sidebar-style":"default","ast-global-header-display":"","ast-banner-title-visibility":"","ast-main-header-display":"","ast-hfb-above-header-display":"","ast-hfb-below-header-display":"","ast-hfb-mobile-header-display":"","site-post-title":"disabled","ast-breadcrumbs-content":"","ast-featured-img":"disabled","footer-sml-layout":"","ast-disable-related-posts":"","theme-transparent-header-meta":"","adv-header-id-meta":"","stick-header-meta":"","header-above-stick-meta":"","header-main-stick-meta":"","header-below-stick-meta":"","astra-migrate-meta-layouts":"default","ast-page-background-enabled":"default","ast-page-background-meta":{"desktop":{"background-color":"var(--ast-global-color-4)","background-image":"","background-repeat":"repeat","background-position":"center center","background-size":"auto","background-attachment":"scroll","background-type":"","background-media":"","overlay-type":"","overlay-color":"","overlay-opacity":"","overlay-gradient":""},"tablet":{"background-color":"","background-image":"","background-repeat":"repeat","background-position":"center center","background-size":"auto","background-attachment":"scroll","background-type":"","background-media":"","overlay-type":"","overlay-color":"","overlay-opacity":"","overlay-gradient":""},"mobile":{"background-color":"","background-image":"","background-repeat":"repeat","background-position":"center center","background-size":"auto","background-attachment":"scroll","background-type":"","background-media":"","overlay-type":"","overlay-color":"","overlay-opacity":"","overlay-gradient":""}},"ast-content-background-meta":{"desktop":{"background-color":"var(--ast-global-color-5)","background-image":"","background-repeat":"repeat","background-position":"center center","background-size":"auto","background-attachment":"scroll","background-type":"","background-media":"","overlay-type":"","overlay-color":"","overlay-opacity":"","overlay-gradient":""},"tablet":{"background-color":"var(--ast-global-color-5)","background-image":"","background-repeat":"repeat","background-position":"center center","background-size":"auto","background-attachment":"scroll","background-type":"","background-media":"","overlay-type":"","overlay-color":"","overlay-opacity":"","overlay-gradient":""},"mobile":{"background-color":"var(--ast-global-color-5)","background-image":"","background-repeat":"repeat","background-position":"center center","background-size":"auto","background-attachment":"scroll","background-type":"","background-media":"","overlay-type":"","overlay-color":"","overlay-opacity":"","overlay-gradient":""}},"footnotes":""},"class_list":["post-17","page","type-page","status-publish","hentry"],"_hostinger_reach_plugin_has_subscription_block":false,"_hostinger_reach_plugin_is_elementor":false,"_links":{"self":[{"href":"https:\/\/agoteira.com.br\/index.php?rest_route=\/wp\/v2\/pages\/17","targetHints":{"allow":["GET"]}}],"collection":[{"href":"https:\/\/agoteira.com.br\/index.php?rest_route=\/wp\/v2\/pages"}],"about":[{"href":"https:\/\/agoteira.com.br\/index.php?rest_route=\/wp\/v2\/types\/page"}],"author":[{"embeddable":true,"href":"https:\/\/agoteira.com.br\/index.php?rest_route=\/wp\/v2\/users\/1"}],"replies":[{"embeddable":true,"href":"https:\/\/agoteira.com.br\/index.php?rest_route=%2Fwp%2Fv2%2Fcomments&post=17"}],"version-history":[{"count":22,"href":"https:\/\/agoteira.com.br\/index.php?rest_route=\/wp\/v2\/pages\/17\/revisions"}],"predecessor-version":[{"id":107,"href":"https:\/\/agoteira.com.br\/index.php?rest_route=\/wp\/v2\/pages\/17\/revisions\/107"}],"wp:attachment":[{"href":"https:\/\/agoteira.com.br\/index.php?rest_route=%2Fwp%2Fv2%2Fmedia&parent=17"}],"curies":[{"name":"wp","href":"https:\/\/api.w.org\/{rel}","templated":true}]}}